609?
0
What is the ten thousands digit of 779925?
7
What is the hundreds digit of 27938290?
2
What is the hundred thousands digit of 113001?
1
What is the thousands digit of 1422347?
2
What is the millions digit of 2094330?
2
What is the ten thousands digit of 1578658?
7
What is the ten thousands digit of 699340?
9
What is the hundred thousands digit of 4610613?
6
What is the tens digit of 8684286?
8
What is the units digit of 298047?
7
What is the thousands digit of 48238?
8
What is the hundreds digit of 4712958?
9
What is the units digit of 419893?
3
What is the hundreds digit of 77768?
7
What is the thousands digit of 597654?
7
What is the ten thousands digit of 3620530?
2
What is the thousands digit of 179630?
9
What is the units digit of 3603?
3
What is the millions digit of 20811145?
0
What is the thousands digit of 20120956?
0
What is the hundred thousands digit of 642771?
6
What is the hundred thousands digit of 6581181?
5
What is the ten thousands digit of 2536995?
3
What is the units digit of 269923?
3
What is the millions digit of 1263919?
1
What is the units digit of 2259113?
3
What is the thousands digit of 1270956?
0
What is the millions digit of 1781446?
1
What is the thousands digit of 611316?
1
What is the ten thousands digit of 647235?
4
What is the ten thousands digit of 254283?
5
What is the units digit of 607045?
5
What is the ten thousands digit of 418954?
1
What is the ten thousands digit of 390626?
9
What is the tens digit of 2078?
7
What is the units digit of 2449238?
8
What is the ten thousands digit of 265053?
6
What is the ten millions digit of 10723720?
1
What is the tens digit of 2785277?
7
What is the units digit of 9888131?
1
What is the hundreds digit of 2494525?
5
What is the ten thousands digit of 20474324?
7
What is the tens digit of 154176?
7
What is the thousands digit of 346597?
6
What is the thousands digit of 11032439?
2
What is the thousands digit of 2574522?
4
What is the tens digit of 1259413?
1
What is the hundred thousands digit of 540455?
5
What is the thousands digit of 624501?
4
What is the hundreds digit of 2363542?
5
What is the hundred thousands digit of 142006?
1
What is the hundreds digit of 7651179?
1
What is the units digit of 95155?
5
What is the hundreds digit of 26735583?
5
What is the units digit of 340873?
3
What is the units digit of 5735?
5
What is the hundred thousands digit of 172789?
1
What is the thousands digit of 125964?
5
What is the units digit of 310261?
1
What is the millions digit of 1981639?
1
What is the units digit of 767528?
8
What is the units digit of 3771525?
5
What is the thousands digit of 2663358?
3
What is the millions digit of 2936923?
2
What is the ten thousands digit of 13732416?
3
What is the units digit of 2297214?
4
What is the ten thousands digit of 4050688?
5
What is the thousands digit of 1155928?
5
What is the ten thousands digit of 9995168?
9
What is the units digit of 2950746?
6
What is the hundreds digit of 2731163?
1
What is the hundreds digit of 202189?
1
What is the tens digit of 803987?
8
What is the units digit of 727159?
9
What is the ten thousands digit of 104265?
0
What is the millions digit of 2263549?
2
What is the thousands digit of 376094?
6
What is the millions digit of 5670801?
5
What is the thousands digit of 344188?
4
What is the thousands digit of 850654?
0
What is the hundreds digit of 2941996?
9
What is the thousands digit of 4573525?
3
What is the thousands digit of 560980?
0
What is the ten thousands digit of 11333067?
3
What is the ten thousands digit of 32894?
3
What is the thousands digit of 158862?
8
What is the thousands digit of 1412008?
2
What is the units digit of 71959?
9
What is the hundreds digit of 2412787?
7
What is the ten thousands digit of 569152?
6
What is the hundreds digit of 6821227?
2
What is the hundred thousands digit of 1997975?
9
What is the units digit of 25340546?
6
What is the hundreds digit of 357881?
8
What is the hundreds digit of 133657?
6
What is the hundreds digit of 530345?
3
What is the units digit of 9266065?
5
What is the units digit of 592944?
4
What is the millions digit of 7070415?
7
What is the millions digit of 12578475?
2
What is the tens digit of 385268?
6
What is the tens digit of 3961197?
9
What is the tens digit of 3796040?
4
What is the units digit of 7533671?
1
What is the units digit of 206176?
6
What is the tens digit of 427363?
6
What is the tens digit of 9277880?
8
What is the hundreds digit of 84827?
8
What is the thousands digit of 1187904?
7
What is the ten thousands digit of 5434815?
3
What is the tens digit of 12437249?
4
What is the hundreds digit of 15262051?
0
What is the millions digit of 3411654?
3
What is the millions digit of 9304226?
9
What is the units digit of 5218563?
3
What is the tens digit of 24758338?
3
What is the thousands digit of 2182076?
2
What is the millions digit of 4550049?
4
What is the hundred thousands digit of 10865609?
8
What is the units digit of 1464163?
3
What is the thousands digit of 1899293?
9
What is the thousands digit of 1983250?
3
What is the millions digit of 10446959?
0
What is the units digit of 310196?
6
What is the hundred thousands digit of 1892796?
8
What is the ten millions digit of 11870517?
1
What is the hundreds digit of 957585?
5
What is the thousands digit of 33946297?
6
What is the hundred thousands digit of 242661?
2
What is the hundreds digit of 100176?
1
What is the units digit of 1453077?
7
What is the units digit of 8224336?
6
What is the ten thousands digit of 169947?
6
What is the ten thousands digit of 413911?
1
What is the tens digit of 161964?
6
What is the hundreds digit of 8559239?
2
What is the hundred thousands digit of 1575800?
5
What is the thousands digit of 258442?
8
What is the hundreds digit of 701584?
5
What is the thousands digit of 4780709?
0
What is the millions digit of 1282237?
1
What is the hundreds digit of 372493?
4
What is the hundred thousands digit of 7529110?
5
What is the tens digit of 4292716?
1
What is the tens digit of 41102?
0
What is the hundred thousands digit of 468900?
4
What is the tens digit of 365502?
0
What is the tens digit of 88871?
7
What is the hundred thousands digit of 323443?
3
What is the hundred thousands digit of 605070?
6
What is the thousands digit of 679579?
9
What is the units digit of 4914093?
3
What is the ten thousands digit of 159516?
5
What is the thousands digit of 6248250?
8
What is the units digit of 215664?
4
What is the millions digit of 23627621?
3
What is the hundred thousands digit of 2026580?
0
What is the units digit of 314926?
6
What is the thousands digit of 304802?
4
What is the thousands digit of 11696064?
6
What is the hundred thousands digit of 737827?
7
What is the hundred thousands digit of 529586?
5
What is the hundreds digit of 964287?
2
What is the tens digit of 5548836?
3
What is the hundreds digit of 3673743?
7
What is the hundred thousands digit of 29396322?
3
What is the hundred thousands digit of 1037576?
0
What is the thousands digit of 624180?
4
What is the tens digit of 45250?
5
What is the thousands digit of 22384092?
4
What is the ten thousands digit of 472460?
7
What is the ten thousands digit of 1366487?
6
What is the units digit of 38943971?
1
What is the millions digit of 1938293?
1
What is the thousands digit of 75893?
5
What is the hundred thousands digit of 1537958?
5
What is the units digit of 308570?
0
What is the ten thousands digit of 1769776?
6
What is the millions digit of 2704894?
2
What is the tens digit of 308116?
1
What is the ten thousands digit of 3240853?
4
What is the thousands digit of 41371?
1
What is the ten thousands digit of 14699142?
9
What is the hundreds digit of 1656531?
5
What is the units digit of 124321?
1
What is the units digit of 3282?
2
What is the tens digit of 2559637?
3
What is the thousands digit of 3746039?
6
What is the hundreds digit of 555273?
2
What is the tens digit of 631781?
8
What is the units digit of 129841?
1
What is the units digit of 464688?
8
What is the millions digit of 10822382?
0
What is the ten thousands digit of 46715?
4
What is the millions digit of 12622424?
2
What is the ten thousands digit of 27119967?
1
What is the units digit of 791337?
7
What is the 